{"id":89,"date":"2013-06-30T12:13:09","date_gmt":"2013-06-30T12:13:09","guid":{"rendered":"http:\/\/heartographix.de\/?page_id=89"},"modified":"2025-09-12T14:03:01","modified_gmt":"2025-09-12T14:03:01","slug":"links","status":"publish","type":"page","link":"https:\/\/heartographix.de\/?page_id=89","title":{"rendered":"Links"},"content":{"rendered":"<p>Zum Weiterlesen, St\u00f6bern und Informieren hier einige Links meiner Auftraggeber, Projektpartner, Kollegen und Freunde:<\/p>\n<ul>\n<li><a href=\"https:\/\/klimabuchmesse.de\/\">Klimabuchmesse<\/a><\/li>\n<li><a href=\"_wp_link_placeholder\" data-wplink-edit=\"true\">BLLV Kreisverband Erlangen-Oberland<\/a>: http:\/\/mittelfranken.bllv.de\/kreisverbaende\/erlangen-oberland\/<\/li>\n<li><a href=\"https:\/\/teachersforfuture.org\/\">Teachers for Future Germany e.V.<\/a><\/li>\n<li><a href=\"http:\/\/www.humanistische-schule.de\/\">Humanistische Grundschule F\u00fcrth<\/a><\/li>\n<li><a title=\"Agentur Blachnik\" href=\"http:\/\/www.agentur-blachnik.de\/\">Agentur und Naturschutzb\u00fcro Blachnik <\/a><\/li>\n<li><a href=\"http:\/\/www.rosigkeitgruen.de\/angebot.html\">Rosigkeit Gr\u00fcn &#8211; Gr\u00fcnfl\u00e4chenmanagement<\/a><\/li>\n<li><a title=\"Die Gew\u00e4sser-Experten\" href=\"http:\/\/www.gewaesser-experten.de\/\" target=\"_blank\" rel=\"noopener noreferrer\">Die Gew\u00e4sser-Experten<\/a><\/li>\n<li><a title=\"Michael-Mueller-Verlag\" href=\"http:\/\/zeisig-verlag.de\/\">Zeisig Verlag<\/a><\/li>\n<li><a title=\"Michael-Mueller-Verlag\" href=\"http:\/\/www.michael-mueller-verlag.de\/\">Michael-M\u00fcller-Verlag<\/a><\/li>\n<li><a title=\"VDST\/ Der Sporttaucher\" href=\"http:\/\/www.vdst.de\/index.php?id=198\">Magazin &#8222;Der Sporttaucher&#8220; des VDST<\/a><\/li>\n<li><a title=\"Autor Linus Geschke\" href=\"http:\/\/linus-geschke.de\/\">Autor Linus Geschke<\/a><\/li>\n<li>Autorenteam Petry &amp; Tegge: Tauchfinder Deutschland<\/li>\n<li><a title=\"Stollis Divebase\" href=\"http:\/\/www.stollis-divebase.de\/\">Stollis Tauchbasis, Tamariu\/Spanien <\/a><\/li>\n<li><a title=\"Tauchclub Dachstein-Salzkammergut\" href=\"http:\/\/www.dive-adventures.at\/start.php\">Tauchclub Dachstein-Salzkammergut<\/a><\/li>\n<li><a title=\"Werbmittelagentur Lindner\" href=\"http:\/\/agentur-lindner.com\/\">Werbemittel Agentur Lindner<\/a><\/li>\n<\/ul>\n<p>Weiterf\u00fchrende Links zum Thema Kartographie und Geographie:<\/p>\n<ul>\n<li><a title=\"DGfK\" href=\"http:\/\/www.dgfk.net\/\">Deutsche Gesellschaft f\u00fcr Kartographie (DGfK)<\/a><\/li>\n<li><a title=\"Bayerische Sektion der DGfK\" href=\"http:\/\/www.kartographie.com\/\">Sektion Bayern der DGfK<\/a><\/li>\n<li><a title=\"FGG\" href=\"http:\/\/fgg-erlangen.de\/fgg\/ojs\/index.php\/mfgg\">Fr\u00e4nkisch Geographische Gesellschaft<\/a><\/li>\n<\/ul>\n<p>Weiterf\u00fchrende Links zum Thema Tauchen:<\/p>\n<ul>\n<li><a title=\"VDST\" href=\"http:\/\/www.vdst.de\/\">Verein deutscher Sporttaucher<\/a><\/li>\n<\/ul>\n","protected":false},"excerpt":{"rendered":"<p>Zum Weiterlesen, St\u00f6bern und Informieren hier einige Links meiner Auftraggeber, Projektpartner, Kollegen und Freunde: Klimabuchmesse BLLV Kreisverband Erlangen-Oberland: http:\/\/mittelfranken.bllv.de\/kreisverbaende\/erlangen-oberland\/ Teachers for Future Germany e.V. Humanistische Grundschule F\u00fcrth Agentur und Naturschutzb\u00fcro Blachnik Rosigkeit Gr\u00fcn &#8211; Gr\u00fcnfl\u00e4chenmanagement Die Gew\u00e4sser-Experten Zeisig Verlag Michael-M\u00fcller-Verlag &hellip; <a class=\"more-link\" href=\"https:\/\/heartographix.de\/?page_id=89\">Weiterlesen <span class=\"meta-nav\">&rarr;<\/span><\/a><\/p>\n","protected":false},"author":1,"featured_media":0,"parent":0,"menu_order":3,"comment_status":"closed","ping_status":"closed","template":"","meta":[],"yoast_head":"<!-- This site is optimized with the Yoast SEO plugin v18.1 - https:\/\/yoast.com\/wordpress\/plugins\/seo\/ -->\n<meta name=\"description\" content=\"Links\" \/>\n<meta name=\"robots\" content=\"index, follow, max-snippet:-1, max-image-preview:large, max-video-preview:-1\" \/>\n<link rel=\"canonical\" href=\"http:\/\/heartographix.de\/?page_id=89\" \/>\n<meta property=\"og:locale\" content=\"de_DE\" \/>\n<meta property=\"og:type\" content=\"article\" \/>\n<meta property=\"og:title\" content=\"Links\" \/>\n<meta property=\"og:description\" content=\"Links\" \/>\n<meta property=\"og:url\" content=\"http:\/\/heartographix.de\/?page_id=89\" \/>\n<meta property=\"og:site_name\" content=\"Heartographix\" \/>\n<meta property=\"article:modified_time\" content=\"2025-09-12T14:03:01+00:00\" \/>\n<meta name=\"twitter:label1\" content=\"Gesch\u00e4tzte Lesezeit\" \/>\n\t<meta name=\"twitter:data1\" content=\"1\u00a0Minute\" \/>\n<script type=\"application\/ld+json\" class=\"yoast-schema-graph\">{\"@context\":\"https:\/\/schema.org\",\"@graph\":[{\"@type\":\"WebSite\",\"@id\":\"https:\/\/heartographix.de\/#website\",\"url\":\"https:\/\/heartographix.de\/\",\"name\":\"Heartographix\",\"description\":\"Geographiken, Umweltgutachten &amp; Textgestaltung\",\"potentialAction\":[{\"@type\":\"SearchAction\",\"target\":{\"@type\":\"EntryPoint\",\"urlTemplate\":\"https:\/\/heartographix.de\/?s={search_term_string}\"},\"query-input\":\"required name=search_term_string\"}],\"inLanguage\":\"de\"},{\"@type\":\"WebPage\",\"@id\":\"http:\/\/heartographix.de\/?page_id=89#webpage\",\"url\":\"http:\/\/heartographix.de\/?page_id=89\",\"name\":\"Links\",\"isPartOf\":{\"@id\":\"https:\/\/heartographix.de\/#website\"},\"datePublished\":\"2013-06-30T12:13:09+00:00\",\"dateModified\":\"2025-09-12T14:03:01+00:00\",\"description\":\"Links\",\"breadcrumb\":{\"@id\":\"http:\/\/heartographix.de\/?page_id=89#breadcrumb\"},\"inLanguage\":\"de\",\"potentialAction\":[{\"@type\":\"ReadAction\",\"target\":[\"http:\/\/heartographix.de\/?page_id=89\"]}]},{\"@type\":\"BreadcrumbList\",\"@id\":\"http:\/\/heartographix.de\/?page_id=89#breadcrumb\",\"itemListElement\":[{\"@type\":\"ListItem\",\"position\":1,\"name\":\"Links\"}]}]}<\/script>\n<!-- \/ Yoast SEO plugin. -->","yoast_head_json":{"description":"Links","robots":{"index":"index","follow":"follow","max-snippet":"max-snippet:-1","max-image-preview":"max-image-preview:large","max-video-preview":"max-video-preview:-1"},"canonical":"http:\/\/heartographix.de\/?page_id=89","og_locale":"de_DE","og_type":"article","og_title":"Links","og_description":"Links","og_url":"http:\/\/heartographix.de\/?page_id=89","og_site_name":"Heartographix","article_modified_time":"2025-09-12T14:03:01+00:00","twitter_misc":{"Gesch\u00e4tzte Lesezeit":"1\u00a0Minute"},"schema":{"@context":"https:\/\/schema.org","@graph":[{"@type":"WebSite","@id":"https:\/\/heartographix.de\/#website","url":"https:\/\/heartographix.de\/","name":"Heartographix","description":"Geographiken, Umweltgutachten &amp; Textgestaltung","potentialAction":[{"@type":"SearchAction","target":{"@type":"EntryPoint","urlTemplate":"https:\/\/heartographix.de\/?s={search_term_string}"},"query-input":"required name=search_term_string"}],"inLanguage":"de"},{"@type":"WebPage","@id":"http:\/\/heartographix.de\/?page_id=89#webpage","url":"http:\/\/heartographix.de\/?page_id=89","name":"Links","isPartOf":{"@id":"https:\/\/heartographix.de\/#website"},"datePublished":"2013-06-30T12:13:09+00:00","dateModified":"2025-09-12T14:03:01+00:00","description":"Links","breadcrumb":{"@id":"http:\/\/heartographix.de\/?page_id=89#breadcrumb"},"inLanguage":"de","potentialAction":[{"@type":"ReadAction","target":["http:\/\/heartographix.de\/?page_id=89"]}]},{"@type":"BreadcrumbList","@id":"http:\/\/heartographix.de\/?page_id=89#breadcrumb","itemListElement":[{"@type":"ListItem","position":1,"name":"Links"}]}]}},"_links":{"self":[{"href":"https:\/\/heartographix.de\/index.php?rest_route=\/wp\/v2\/pages\/89"}],"collection":[{"href":"https:\/\/heartographix.de\/index.php?rest_route=\/wp\/v2\/pages"}],"about":[{"href":"https:\/\/heartographix.de\/index.php?rest_route=\/wp\/v2\/types\/page"}],"author":[{"embeddable":true,"href":"https:\/\/heartographix.de\/index.php?rest_route=\/wp\/v2\/users\/1"}],"replies":[{"embeddable":true,"href":"https:\/\/heartographix.de\/index.php?rest_route=%2Fwp%2Fv2%2Fcomments&post=89"}],"version-history":[{"count":18,"href":"https:\/\/heartographix.de\/index.php?rest_route=\/wp\/v2\/pages\/89\/revisions"}],"predecessor-version":[{"id":320,"href":"https:\/\/heartographix.de\/index.php?rest_route=\/wp\/v2\/pages\/89\/revisions\/320"}],"wp:attachment":[{"href":"https:\/\/heartographix.de\/index.php?rest_route=%2Fwp%2Fv2%2Fmedia&parent=89"}],"curies":[{"name":"wp","href":"https:\/\/api.w.org\/{rel}","templated":true}]}}